tors of 74189775.
3, 5, 11, 19, 4733
List the prime factors of 183922993.
139, 1323187
List the prime factors of 395932683.
3, 317, 416333
List the prime factors of 2739677301.
3, 227, 1341007
What are the prime factors of 4806230233?
7, 29, 23676011
What are the prime factors of 94824045?
3, 5, 17, 123953
What are the prime factors of 267019239?
3, 89006413
What are the prime factors of 34588508?
2, 8647127
What are the prime factors of 47763057?
3, 103, 154573
What are the prime factors of 1575830427?
3, 331, 1586939
List the prime factors of 355253593.
355253593
What are the prime factors of 239822890?
2, 5, 109, 220021
List the prime factors of 103059213.
3, 79, 434849
What are the prime factors of 5844694906?
2, 281, 2237, 4649
List the prime factors of 92109506.
2, 131, 351563
What are the prime factors of 118596088?
2, 13, 87719
List the prime factors of 256763666.
2, 128381833
List the prime factors of 69480095.
5, 463, 30013
What are the prime factors of 6483456547?
2243, 2890529
List the prime factors of 50091193.
50091193
List the prime factors of 1835336538.
2, 3, 7, 14566163
What are the prime factors of 108440279?
53, 2046043
What are the prime factors of 3371030076?
2, 3, 439, 639907
List the prime factors of 1106827876.
2, 7, 11, 513371
List the prime factors of 279512534.
2, 7, 19, 701, 1499
What are the prime factors of 390482537?
17, 1279, 17959
List the prime factors of 177594572.
2, 71, 109, 5737
List the prime factors of 474226750.
2, 5, 71, 26717
What are the prime factors of 373410219?
3, 7, 13, 17, 61, 1319
List the prime factors of 2193423321.
3, 31, 83, 284159
List the prime factors of 143636168.
2, 13, 43, 32119
List the prime factors of 79779842.
2, 107, 372803
List the prime factors of 396145203.
3, 17, 7767553
List the prime factors of 311610659.
19, 193, 84977
List the prime factors of 1013592895.
5, 7, 31, 934187
What are the prime factors of 25782253?
7, 3683179
What are the prime factors of 8975424?
2, 3, 46747
List the prime factors of 85024402.
2, 53, 821, 977
List the prime factors of 58181555.
5, 101, 115211
List the prime factors of 1103331668.
2, 43, 6414719
What are the prime factors of 4648786041?
3, 4603, 336649
What are the prime factors of 44135631?
3, 661, 2473
What are the prime factors of 722206544?
2, 45137909
What are the prime factors of 7254078386?
2, 29, 701, 178417
What are the prime factors of 857445116?
2, 11, 17, 251, 4567
What are the prime factors of 408177105?
3, 5, 7, 197, 2819
List the prime factors of 246775331.
11, 103, 173, 1259
List the prime factors of 352384265.
5, 23, 257, 11923
What are the prime factors of 101800114?
2, 13, 17, 109, 2113
What are the prime factors of 5137246?
2, 2568623
List the prime factors of 81113613.
3, 7, 17, 59, 3851
What are the prime factors of 544075823?
31, 1163, 15091
List the prime factors of 172822876.
2, 103, 419473
What are the prime factors of 4401895910?
2, 5, 281, 1151, 1361
What are the prime factors of 52326547?
7, 13, 37, 15541
List the prime factors of 431558015.
5, 7, 173, 263, 271
List the prime factors of 6671263666.
2, 23, 145027471
List the prime factors of 329822380.
2, 5, 307, 53717
List the prime factors of 351019030.
2, 5, 47, 67, 71, 157
What are the prime factors of 41007110?
2, 5, 31, 179, 739
List the prime factors of 290194546.
2, 145097273
List the prime factors of 6720538.
2, 11, 305479
What are the prime factors of 37038326?
2, 13, 23, 241, 257
What are the prime factors of 32826236?
2, 8206559
List the prime factors of 354298724.
2, 13, 229, 29753
What are the prime factors of 841697814?
2, 3, 907, 154667
What are the prime factors of 5127286629?
3, 19, 89952397
List the prime factors of 1219221761.
1219221761
List the prime factors of 43795104.
2, 3, 29, 15731
What are the prime factors of 1124559?
3, 124951
List the prime factors of 361307965.
5, 72261593
What are the prime factors of 861533897?
7, 2381, 51691
What are the prime factors of 265130485?
5, 107, 495571
What are the prime factors of 87940358?
2, 11, 523, 7643
List the prime factors of 1187470903.
31, 38305513
List the prime factors of 242748979.
11, 359, 61471
What are the prime factors of 52243775?
5, 2089751
What are the prime factors of 35893034?
2, 37, 485041
List the prime factors of 2011466037.
3, 7, 349, 274453
List the prime factors of 914681642.
2, 7, 65334403
What are the prime factors of 66752825?
5, 2670113
What are the prime factors of 1841738514?
2, 3, 7, 11, 19, 209813
List the prime factors of 33434021.
33434021
What are the prime factors of 774119246?
2, 2969, 130367
List the prime factors of 500314057.
14447, 34631
List the prime factors of 564476474.
2, 29, 67, 145259
List the prime factors of 380544427.
1667, 228281
What are the prime factors of 1257191773?
1257191773
What are the prime factors of 11917238?
2, 17, 269, 1303
What are the prime factors of 2625159904?
2, 337, 243431
List the prime factors of 1676846146.
2, 43, 193, 101027
List the prime factors of 5788734890.
2, 5, 578873489
What are the prime factors of 154858136?
2, 43, 450169
List the prime factors of 3321055629.
3, 23, 16043747
What are the prime factors of 148712875?
5, 1189703
List the prime factors of 73482757.
73482757
List the prime factors of 84941710.
2, 5, 7, 59, 131, 157
List the prime factors of 710176916.
2, 293, 605953
What are the prime factors of 14314457?
14314457
List the prime factors of 7157780353.
47, 152293199
What are the prime factors of 9541849?
23, 577, 719
List the prime factors of 742663102.
2, 371331551
List the prime factors of 972827.
972827
List the prime factors of 6901595.
5, 1380319
What are the prime factors of 504951087?
3, 19, 53, 59, 2833
What are the prime factors of 48667227?
3, 7, 19, 283, 431
List the prime factors of 1205530070.
2, 5, 163, 757, 977
What are the prime factors of 190260346?
2, 95130173
What are the prime factors of 17040539?
23, 740893
What are the prime factors of 75506137?
7, 1301, 8291
What are the prime factors of 1425326295?
3, 5, 79, 1202807
What are the prime factors of 3432929266?
2, 13, 233, 566677
What are the prime factors of 441070650?
2, 3, 5, 89, 3671
List the prime factors of 1248819171.
3, 8311, 50087
List the prime factors of 159961881.
3, 101, 5227
What are the prime factors of 84504683?
7109, 11887
What are the prime factors of 479599263?
3, 11, 13, 41, 61, 149
What are the prime factors of 3993191258?
2, 7, 5021, 56807
List the prime factors of 48192614.
2, 24096307
What are the prime factors of 76890647?
76890647
List the prime factors of 218858218.
2, 43, 83, 30661
What are the prime factors of 5548442?
2, 31, 89491
List the prime factors of 104891037.
3, 17, 2056687
What are the prime factors of 380110949?
23, 47, 79, 4451
What are the prime factors of 16788764?
2, 79, 53129
List the prime factors of 12010242.
2, 3, 19, 137, 769
What are the prime factors of 717138860?
2, 5, 73, 89, 5519
List the prime factors of 174624630.
2, 3, 5, 19, 306359
List the prime factors of 2137463644.
2, 534365911
What are the prime factors of 5902377381?
3, 37, 383, 46279
List the prime factors of 15945454.
2, 7, 1138961
List the prime factors of 35777713.
35777713
What are the prime factors of 2469580322?
2, 11, 112253651
List the prime factors of 287367667.
43, 6682969
List the prime factors of 6915743778.
2, 3, 37, 31151999
List the prime factors of 69868866.
2, 3, 11644811
List the prime factors of 25489448.
2, 37, 86113
List the prime factors of 56116854.
2, 3, 523, 1987
List the prime factors of 508955196.
2, 3, 42412933
List the prime factors of 6240085.
5, 1248017
List the prime factors of 78900050.
2, 5, 1578001
List the prime factors of 3555846.
2, 3, 7, 23, 409
List the prime factors of 2174950500.
2, 3, 5, 1449967
What are the prime factors of 817203942?
2, 3, 421, 107839
What are the prime factors of 2108495377?
2108495377
What are the prime factors of 1157983716?
2, 3, 96498643
List the prime factors of 957244563.
3, 11, 9669137
What are the prime factors of 121936713?
3, 137, 296683
List the prime factors of 793384396.
2, 7, 28335157
What are the prime factors of 1783624144?
2, 3299, 33791
What are the prime factors of 1036572233?
43, 109, 221159
What are the prime factors of 1439430352